the remainder when 76635523 is divided by 790.
783
Calculate the remainder when 26251 is divided by 6400.
651
What is the remainder when 47915 is divided by 5166?
1421
Calculate the remainder when 346765033 is divided by 42.
13
What is the remainder when 54269 is divided by 573?
407
What is the remainder when 348594 is divided by 27?
24
What is the remainder when 377049 is divided by 33?
24
Calculate the remainder when 41516 is divided by 8228.
376
What is the remainder when 1916567 is divided by 273774?
149
What is the remainder when 3451325 is divided by 4391?
4390
What is the remainder when 1980034 is divided by 196?
42
Calculate the remainder when 349854 is divided by 3643.
126
What is the remainder when 123093 is divided by 17294?
2035
Calculate the remainder when 1113481 is divided by 653.
116
What is the remainder when 17634188 is divided by 4408540?
28
Calculate the remainder when 227101 is divided by 17468.
17
What is the remainder when 520553470 is divided by 48?
46
Calculate the remainder when 1702722 is divided by 11.
10
Calculate the remainder when 68276 is divided by 13623.
161
Calculate the remainder when 219851 is divided by 2220.
71
Calculate the remainder when 428948 is divided by 4242.
506
What is the remainder when 252996180 is divided by 33?
30
Calculate the remainder when 30035333 is divided by 49.
48
Calculate the remainder when 58064 is divided by 514.
496
Calculate the remainder when 4009475 is divided by 1336489.
8
Calculate the remainder when 195800 is divided by 563.
439
Calculate the remainder when 12039517 is divided by 6019754.
9
Calculate the remainder when 380595 is divided by 322.
313
What is the remainder when 18142351 is divided by 396?
7
What is the remainder when 618045 is divided by 16?
13
Calculate the remainder when 6949439 is divided by 11.
2
Calculate the remainder when 322294706 is divided by 1298.
8
What is the remainder when 240267760 is divided by 537?
535
What is the remainder when 77082 is divided by 146?
140
Calculate the remainder when 50174 is divided by 16532.
578
Calculate the remainder when 4031438 is divided by 1610.
1608
Calculate the remainder when 41909948 is divided by 2150.
2148
Calculate the remainder when 13622183 is divided by 75678.
143
Calculate the remainder when 60359 is divided by 3020.
2979
Calculate the remainder when 180535 is divided by 7220.
35
What is the remainder when 65121954 is divided by 4569?
4566
What is the remainder when 23409057 is divided by 12848?
1
Calculate the remainder when 127884 is divided by 201.
48
What is the remainder when 970818 is divided by 46228?
30
What is the remainder when 3323275 is divided by 90?
25
Calculate the remainder when 5113707 is divided by 2121.
2097
What is the remainder when 2608237 is divided by 399?
373
What is the remainder when 1056097 is divided by 52802?
57
Calculate the remainder when 1707848 is divided by 71.
14
What is the remainder when 11443074 is divided by 5721485?
104
What is the remainder when 1732241 is divided by 57741?
11
What is the remainder when 286572 is divided by 162?
156
What is the remainder when 78971746 is divided by 27?
13
Calculate the remainder when 15591662 is divided by 4975.
12
Calculate the remainder when 115322 is divided by 2621.
2619
What is the remainder when 200576680 is divided by 1161?
1159
What is the remainder when 27757932 is divided by 86?
56
What is the remainder when 2297022 is divided by 16?
14
What is the remainder when 201140 is divided by 9464?
2396
What is the remainder when 8089203 is divided by 259?
115
Calculate the remainder when 3099597 is divided by 920.
117
Calculate the remainder when 354931 is divided by 3227.
3188
Calculate the remainder when 572584 is divided by 95392.
232
What is the remainder when 89653 is divided by 4475?
153
What is the remainder when 2767 is divided by 2354?
413
Calculate the remainder when 4221221 is divided by 844236.
41
What is the remainder when 2930320 is divided by 17?
13
Calculate the remainder when 6866044 is divided by 68.
16
Calculate the remainder when 12501886 is divided by 1174.
1134
What is the remainder when 410662 is divided by 132549?
13015
What is the remainder when 42003660 is divided by 477?
471
What is the remainder when 176368 is divided by 29379?
94
What is the remainder when 469139 is divided by 1388?
1383
Calculate the remainder when 65535952 is divided by 571.
569
Calculate the remainder when 104823 is divided by 934.
215
What is the remainder when 502904 is divided by 55843?
317
What is the remainder when 394893 is divided by 19?
16
What is the remainder when 139395 is divided by 2050?
2045
What is the remainder when 157541 is divided by 19?
12
Calculate the remainder when 916049 is divided by 4534.
181
Calculate the remainder when 3355893 is divided by 335588.
13
Calculate the remainder when 382356509 is divided by 21.
17
Calculate the remainder when 545981 is divided by 109180.
81
Calculate the remainder when 10065185 is divided by 739.
5
Calculate the remainder when 249994 is divided by 950.
144
What is the remainder when 232400 is divided by 2701?
114
Calculate the remainder when 2666799 is divided by 897.
18
What is the remainder when 204242 is divided by 869?
27
Calculate the remainder when 22568658 is divided by 13753.
13738
Calculate the remainder when 35025 is divided by 16045.
2935
What is the remainder when 25556613 is divided by 50?
13
What is the remainder when 212395 is divided by 1473?
283
Calculate the remainder when 847442 is divided by 211841.
78
Calculate the remainder when 46552 is divided by 65.
12
What is the remainder when 119296 is divided by 2972?
416
What is the remainder when 11968 is divided by 4507?
2954
Calculate the remainder when 4163003 is divided by 385.
383
Calculate the remainder when 684213 is divided by 79.
73
Calculate the remainder when 48305330 is divided by 9661065.
5
Calculate the remainder when 1211952 is divided by 1090.
962
What is the remainder when 133248 is divided by 1349?
1046
What is the remainder when 874637 is divided by 487?
472
Calculate the remainder when 3420791 is divided by 868.
3
What is the remainder when 114665593 is divided by 28666397?
5
Calculate the remainder when 1531039 is divided by 280.
279
Calculate the remainder when 5797301 is divided by 762.
5
Calculate the remainder when 2547893 is divided by 20.
13
What is the remainder when 139692717 is divided by 1030?
1027
What is the remainder when 179527 is divided by 264?
7
Calculate the remainder when 98842 is divided by 23389.
5286
Calculate the remainder when 1417844 is divided by 236270.
224
What is the remainder when 48782 is divided by 6437?
3723
What is the remainder when 280456 is divided by 34750?
2456
What is the remainder when 1122076 is divided by 16300?
13676
Calculate the remainder when 94586 is divided by 44423.
5740
What is the remainder when 838114 is divided by 485?
34
Calculate the remainder when 3111995 is divided by 444568.
19
Calculate the remainder when 40523367 is divided by 1929684.
3
Calculate the remainder when 4081801 is divided by 14630.
31
What is the remainder when 1214381 is divided by 3832?
3469
What is the remainder when 1251541 is divided by 2045?
1
Calculate the remainder when 636593 is divided by 1068.
65
Calculate the remainder when 948675 is divided by 23.
17
What is the remainder when 491794 is divided by 3900?
394
Calculate the remainder when 458457 is divided by 114555.
237
What is the remainder when 37711 is divided by 4708?
47
What is the remainder when 2986114 is divided by 784?
642
What is the remainder when 16677947 is divided by 99?
11
What is the remainder when 6740 is divided by 102?
8
Calculate the remainder when 1225702 is divided by 930.
892
Calculate the remainder when 9457842 is divided by 431.
409
Calculate the remainder when 481369 is divided by 3416.
3129
What is the remainder when 18637609 is divided by 532503?
4
What is the remainder when 32215591 is divided by 115468?
19
What is the remainder when 179193 is divided by 700?
693
What is the remainder when 1048601 is divided by 1048509?
92
What is the remainder when 1025275 is divided by 927?
13
Calculate the remainder when 4219140 is divided by 602688.
324
Calculate the remainder when 3656